hat is w(98)?
-9
Let v(w) = 41*w + 230. What is v(-11)?
-221
Let c(x) = 5*x**2 + 185*x - 373. What is c(2)?
17
Let t(c) = -4*c**3 + 10*c**2 + 6*c + 4. What is t(3)?
4
Let r(k) = 2*k**3 + 27*k**2 - 46*k + 31. Calculate r(-15).
46
Let v(l) = 101*l - 2125. What is v(18)?
-307
Let h(r) = -6*r**2 + 286*r - 1305. Give h(5).
-25
Let t(g) = 8228*g + 24683. Determine t(-3).
-1
Let q(r) = r**3 + 6*r + 442. Give q(0).
442
Let l(o) = 114*o - 3772. Give l(33).
-10
Let x(s) = 22*s**2 + 240*s - 17. Determine x(-11).
5
Let g(t) = -t**3 - 25*t**2 + 90*t + 974. Calculate g(-27).
2
Let u(w) = -w**2 + 6*w + 12. Give u(12).
-60
Let p(z) = 2*z**2 - 44*z + 309. Determine p(12).
69
Let p(v) = -131*v + 2153. Calculate p(19).
-336
Let k(v) = v**2 + 22*v + 18. Determine k(-21).
-3
Let z(v) = v**2 - 65*v + 905. What is z(21)?
-19
Let d(c) = -4*c**3 + 6*c**2 + 2*c. What is d(1)?
4
Let x(m) = -4*m**2 - 5*m - 36. Give x(-9).
-315
Let u(l) = -43*l - 145. What is u(-6)?
113
Let a(d) = d**3 + 14*d**2 - 17*d - 52. What is a(-15)?
-22
Let h(y) = -10*y**3 + 5*y**2 + 2*y - 5. Calculate h(1).
-8
Let v(x) = -922*x + 47945. Determine v(52).
1
Let s(q) = q**3 + 49*q**2 + 192*q + 527. What is s(-45)?
-13
Let a(n) = 72*n**2 + 166*n + 50. Calculate a(-2).
6
Let s(r) = -8*r - 263. Give s(-36).
25
Let d(i) = 326*i + 2221. Determine d(-6).
265
Let x(j) = 2*j**2 + 71*j + 444. Determine x(-8).
4
Let s(i) = 3*i**2 + 41*i + 95. Give s(-10).
-15
Let j(v) = -19*v - 178. Give j(-10).
12
Let q(x) = -131*x - 44. Calculate q(0).
-44
Let o(i) = -i**3 + 5*i**2 - 27*i + 156. Give o(5).
21
Let b(z) = 13*z**2 + 21*z + 4. Calculate b(-3).
58
Let x(d) = 21*d**2 - 81*d + 257. Determine x(3).
203
Let w(m) = -14*m**2 + 29*m + 31. What is w(-1)?
-12
Let j(p) = -9*p**3 - 5*p**2 + 8*p + 46. What is j(-4)?
510
Let u(h) = h**2 + 1291*h - 83881. Determine u(62).
5
Let r(u) = -135*u - 2568. Calculate r(-19).
-3
Let c(f) = 30*f. Determine c(-4).
-120
Let l(i) = -2*i**3 + i**2 + 20*i - 45. Give l(6).
-321
Let n(m) = 90*m - 827. Determine n(9).
-17
Let r(d) = -d**3 + 8*d**2 - 9. Give r(10).
-209
Let j(l) = 209*l + 480. Calculate j(-3).
-147
Let v(x) = x**2 + 13*x - 38. Calculate v(-10).
-68
Let v(o) = 4*o**2 + 59*o - 27. Determine v(-15).
-12
Let c(j) = -2360*j + 14168. Give c(6).
8
Let b(z) = -48*z**2 + 367*z - 15. Calculate b(8).
-151
Let o(h) = h**3 - 45*h**2 - 8813*h + 826. Calculate o(119).
-7
Let m(n) = n**3 + 5*n**2 - 14*n - 13. What is m(-7)?
-13
Let y(s) = 2*s**3 - 3*s**2 - 9*s - 2. Calculate y(5).
128
Let g(k) = -2*k**3 - 3*k**2 - 2*k - 151. What is g(-7)?
402
Let l(p) = -p**3 + 54*p**2 - 415*p + 442. Calculate l(45).
-8
Let n(g) = -6*g**2 - 448*g - 721. What is n(-73)?
9
Let j(l) = l**3 + 70*l**2 + 139*l + 131. What is j(-68)?
-73
Let q(w) = 13*w**3 + 2*w**2 + 14*w + 3. Determine q(-3).
-372
Let a(n) = 8*n**2 + 178*n + 597. What is a(-4)?
13
Let l(q) = -74*q + 16885. Determine l(228).
13
Let b(o) = 10*o + 14. What is b(-2)?
-6
Let r(z) = -2*z**3 - 16*z**2 + 17*z - 15. Give r(-9).
-6
Let u(r) = -12*r - 575. Give u(-44).
-47
Let b(q) = -q**3 + 2*q**2 + 37*q + 6. Give b(7).
20
Let j(d) = -2*d**3 + 69*d**2 + 33*d - 64. What is j(35)?
-134
Let n(u) = -5*u**2 + 32*u - 167. Give n(0).
-167
Let u(p) = 38*p + 4146. Give u(-108).
42
Let g(f) = -14*f**2 - 236*f + 8. Calculate g(-17).
-26
Let i(w) = w**3 - 11*w**2 - 172*w + 1898. Give i(11).
6
Let q(x) = 14*x + 222. Calculate q(-15).
12
Let h(s) = s**3 - 55*s**2 - 60*s + 99. Determine h(56).
-125
Let r(n) = -81*n**2 - 561*n + 46. What is r(-7)?
4
Let b(s) = 2*s**2 - 206. Calculate b(8).
-78
Let n(o) = -o**3 - 11*o**2 - 15*o - 2. Give n(0).
-2
Let h(d) = -111*d**2 + 109*d - 4. Give h(1).
-6
Let r(g) = -3*g**2 + 140*g + 4889. Calculate r(70).
-11
Let v(l) = -7*l - 25. What is v(4)?
-53
Let c(s) = -s**3 + 2*s**2 + 55*s - 50. What is c(8)?
6
Let w(u) = -143*u - 26340. Give w(-184).
-28
Let g(l) = l**3 - 6*l**2 + 4*l + 13. Give g(4).
-3
Let c(y) = -2*y**2 + 29*y - 13. Give c(13).
26
Let o(x) = -12*x**2 + 207*x + 207. Determine o(18).
45
Let j(h) = 649*h + 29192. Calculate j(-45).
-13
Let y(g) = -g**2 - 14*g + 311. Give y(-24).
71
Let g(n) = -4*n**3 - 78*n**2 - 59*n - 25. Determine g(-19).
374
Let u(j) = -2*j**3 + 11*j**2 - 21*j + 31. Give u(4).
-5
Let o(j) = -31*j + 63. Calculate o(2).
1
Let s(d) = d**3 + 4*d**2 + 46*d + 118. Calculate s(-3).
-11
Let j(y) = 5*y**2 - 3*y + 3. Determine j(1).
5
Let u(d) = 11*d - 13. Give u(25).
262
Let j(l) = -31*l**2 + 63*l - 22. Give j(5).
-482
Let v(q) = -q**2 + 171*q + 999. Calculate v(-6).
-63
Let t(r) = -26*r - 11. Give t(-5).
119
Let r(c) = c**3 + 15*c**2 + 58*c + 20. Calculate r(-7).
6
Let y(n) = 9*n**2 - 94*n - 73. Calculate y(13).
226
Let h(j) = j**3 + 47*j**2 + 31*j + 1415. Calculate h(-47).
-42
Let w(y) = -y**3 - 62*y**2 + 5*y + 297. Calculate w(-62).
-13
Let q(h) = h**2 + 30*h - 169. Calculate q(5).
6
Let l(d) = 6*d**2 - 336*d + 662. Give l(2).
14
Let v(u) = u**3 + 7*u**2 + 14*u + 181. Calculate v(-8).
5
Let u(m) = 3*m**2 - 22*m + 13. Give u(1).
-6
Let i(l) = 2*l**2 + 36*l + 43. Calculate i(-17).
9
Let a(o) = 7*o**3 - o**2 - o - 4. What is a(-2)?
-62
Let i(c) = -5*c - 20. Determine i(-20).
80
Let o(i) = -2*i**3 + 29*i**2 - 5*i - 150. Calculate o(14).
-24
Let z(s) = 71*s**2 + 1414*s - 121. What is z(-20)?
-1
Let q(c) = c**3 - 9*c**2 - 91*c - 166. Calculate q(-5).
-61
Let i(l) = -2*l**2 - 106*l + 705. Calculate i(6).
-3
Let m(x) = x**3 + 32*x**2 - 112*x - 234. Give m(-35).
11
Let w(h) = -2*h**2 + 230*h + 1207. What is w(-5)?
7
Let h(s) = 49*s**2 - 647*s + 9. Determine h(13).
-121
Let g(a) = 31*a**2 - 13*a. Calculate g(1).
18
Let v(i) = -152*i**2 + 606*i + 7. Give v(4).
-1
Let r(d) = -365*d + 4394. What is r(12)?
14
Let r(f) = -f**3 - 14*f**2 - 10*f - 146. Determine r(-14).
-6
Let y(x) = x**2 + 65*x - 371. Calculate y(-70).
-21
Let v(w) = 2*w**2 + 152*w + 94. Give v(-75).
-56
Let x(b) = -351*b + 7716. Give x(22).
-6
Let z(f) = 2*f**3 + 53*f**2 - 25*f + 60. What is z(-27)?
6
Let k(u) = 2*u**2 + 48*u - 12. Determine k(-21).
-138
Let g(k) = 8*k**2 - 73*k + 20. Give g(9).
11
Let i(s) = -2*s**2 + 30*s - 43. Give i(17).
-111
Let w(g) = -g**3 - 16*g**2 - 31*g - 44. Give w(-14).
-2
Let j(i) = i**3 - 168*i**2 - 180*i + 1909. Give j(169).
50
Let y(b) = b**2 - b - 114. Determine y(12).
18
Let r(j) = -41*j - 620. What is r(-13)?
-87
Let r(z) = -1494*z + 43330. What is r(29)?
4
Let m(i) = -2*i**2 + 589*i - 7854. What is m(14)?
0
Let f(u) = -13*u + 1. Give f(-28).
365
Let c(r) = r**2 + 69*r + 165. Calculate c(-67).
31
Let h(l) = -3*l**2 + 6*l - 15. Give h(11).
-312
Let a(r) = 2*r**3 + 17*r**2 + 12*r + 60. Determine a(-11).
-677
Let t(p) = -3*p**2 + 23*p - 87. What is t(13)?
-295
Let j(b) = -5*b + 152. Determine j(-14).
222
Let c(g) = 331*g + 11221. Give c(-34).
-33
Let h(m) = -2*m**3 - 25*m**2 + 2*m + 168. What is h(-12)?
0
Let h(m) = m**3 + 4*m**2 + 3. Give h(-5).
-22
Let s(p) = -14178*p - 85055. What is s(-6)?
13
Let t(k) = -k**3 + 82*k**2 - 235*k + 8. Determine t(79).
166
Let b(h) = -h**3 - 55*h**2 + 183*h - 24. Calculate b(-58).
-546
Let p(o) = -o**3 + 21*o**2 + 102*o - 2. Calculate p(25).
48
Let z(q) = 27*q + 1629. Give z(-56).
117
Let n(a) = a**3 - 33*a**2 - 370*a + 1758. Determine n(41).
36
Let g(b) = 3*b**2 - 13*b - 6. Calculate g(-10).
424
Let b(l) = -l**2 - 21*l - 237. What is b(-39)?
-939
Let c(s) = -252*s + 6042. Give c(24).
-6
Let b(v) = -1404*v - 2802. Calculate b(-2).
6
Let w(c) = -c**2 + 105*c - 2780. Give w(54).
-26
Let z(t) = -424*t + 1697. What is z(4)?
1
Let j(u) = -u**3 + 3*u**2 + u + 31. Calculate j(7).
-158
Let r(m) = -66*m + 3874. Calculate r(59).
-20
Let r(n) = 9*n**2 - 7*n - 17. What is r(-4)?
155
Let o(a) = -a**2 + 24*a - 32. Determine o(14).
108
Let f(z) = z**2 + 335*z + 6576. Give f(-21).
-18
Let m(r) = 2*r**3 + 10*r**2 + 6*r - 10. Determine m(-4).
-2
Let d(s) = 8*s**3 + 37*s**2 - 158*s - 703. Calculate d(-5).
12
Let a(l) = l**3 - 20*l**2 + 77*l + 34. Calculate a(6).
-8
Let w(b) = 4069*b + 8143. Determine w(-2).
5
Let u(j) = -j**2 + 107*j - 802. Determine u(99).
-10
Let i(b) = 2*b**2 - 44*b - 458. Give i(0).
-458
Let w(p) = -53*p**3 - 426*p**2 - 17*p - 18. What is w(-8)?
-10
Let z(t) = -2*t**2 - 800*t + 9909. Give z(12).
21
Let k(s) = -s**2 - 155*s - 4757. What is k(-42)?
-11
Let d(h) = -213*h - 5074. Give d(-24).
